{"id":285,"date":"2021-01-31T19:31:08","date_gmt":"2021-01-31T22:31:08","guid":{"rendered":"https:\/\/cauxig.com\/intercultural\/?page_id=285"},"modified":"2023-05-12T12:33:12","modified_gmt":"2023-05-12T15:33:12","slug":"estudio-trabajo-australia","status":"publish","type":"page","link":"https:\/\/cauxig.com\/intercultural\/estudio-y-trabajo-en-el-exterior\/estudio-trabajo-australia\/","title":{"rendered":"Estudio y Trabajo en Australia"},"content":{"rendered":"\t\t<div data-elementor-type=\"wp-page\" data-elementor-id=\"285\" class=\"elementor elementor-285\">\n\t\t\t\t\t\t<section class=\"elementor-section elementor-top-section elementor-element elementor-element-132948e elementor-section-height-min-height elementor-section-boxed elementor-section-height-default elementor-section-items-middle\" data-id=\"132948e\" data-element_type=\"section\" data-settings=\"{&quot;background_background&quot;:&quot;classic&quot;}\">\n\t\t\t\t\t\t\t<div class=\"elementor-background-overlay\"><\/div>\n\t\t\t\t\t\t\t<div class=\"elementor-container elementor-column-gap-no\">\n\t\t\t\t\t<div class=\"elementor-column elementor-col-100 elementor-top-column elementor-element elementor-element-ded4e53\" data-id=\"ded4e53\" data-element_type=\"column\">\n\t\t\t<div class=\"elementor-widget-wrap elementor-element-populated\">\n\t\t\t\t\t\t<div class=\"elementor-element elementor-element-928494b elementor-widget elementor-widget-heading\" data-id=\"928494b\" data-element_type=\"widget\" data-widget_type=\"heading.default\">\n\t\t\t\t<div class=\"elementor-widget-container\">\n\t\t\t\t\t<h1 class=\"elementor-heading-title elementor-size-default\">Estudiar en Australia<\/h1>\t\t\t\t<\/div>\n\t\t\t\t<\/div>\n\t\t\t\t<div class=\"elementor-element elementor-element-75b29c7 elementor-widget-divider--view-line elementor-widget elementor-widget-divider\" data-id=\"75b29c7\" data-element_type=\"widget\" data-widget_type=\"divider.default\">\n\t\t\t\t<div class=\"elementor-widget-container\">\n\t\t\t\t\t\t\t<div class=\"elementor-divider\">\n\t\t\t<span class=\"elementor-divider-separator\">\n\t\t\t\t\t\t<\/span>\n\t\t<\/div>\n\t\t\t\t\t\t<\/div>\n\t\t\t\t<\/div>\n\t\t\t\t\t<\/div>\n\t\t<\/div>\n\t\t\t\t\t<\/div>\n\t\t<\/section>\n\t\t\t\t<section class=\"elementor-section elementor-top-section elementor-element elementor-element-c1d22e4 elementor-section-boxed elementor-section-height-default elementor-section-height-default\" data-id=\"c1d22e4\" data-element_type=\"section\">\n\t\t\t\t\t\t<div class=\"elementor-container elementor-column-gap-default\">\n\t\t\t\t\t<div class=\"elementor-column elementor-col-100 elementor-top-column elementor-element elementor-element-f05bfc8\" data-id=\"f05bfc8\" data-element_type=\"column\">\n\t\t\t<div class=\"elementor-widget-wrap elementor-element-populated\">\n\t\t\t\t\t\t<div class=\"elementor-element elementor-element-966efb4 elementor-widget elementor-widget-text-editor\" data-id=\"966efb4\" data-element_type=\"widget\" data-widget_type=\"text-editor.default\">\n\t\t\t\t<div class=\"elementor-widget-container\">\n\t\t\t\t\t\t\t\t\t<p>\u00bfTenes pensado\u00a0<strong>Estudiar y Trabajar en Australia<\/strong>? Te acercamos distintos programas que te permitir\u00e1n estudiar en Australia desde <strong>curso de idioma ingl\u00e9s hasta diplomaturas en diversas industrias<\/strong>, dentro de las opciones vas a encontrar Certificaciones de 6 meses, Diplomaturas de 1 e incluso 2 a\u00f1os. Todas ellas te permiten trabajar mientras estudias.<\/p>\t\t\t\t\t\t\t\t<\/div>\n\t\t\t\t<\/div>\n\t\t\t\t\t<\/div>\n\t\t<\/div>\n\t\t\t\t\t<\/div>\n\t\t<\/section>\n\t\t\t\t<section class=\"elementor-section elementor-top-section elementor-element elementor-element-fcb0286 elementor-section-boxed elementor-section-height-default elementor-section-height-default\" data-id=\"fcb0286\" data-element_type=\"section\">\n\t\t\t\t\t\t<div class=\"elementor-container elementor-column-gap-default\">\n\t\t\t\t\t<div class=\"elementor-column elementor-col-33 elementor-top-column elementor-element elementor-element-3b92eb3\" data-id=\"3b92eb3\" data-element_type=\"column\">\n\t\t\t<div class=\"elementor-widget-wrap elementor-element-populated\">\n\t\t\t\t\t\t<div class=\"elementor-element elementor-element-0740a98 elementor-widget elementor-widget-image\" data-id=\"0740a98\" data-element_type=\"widget\" data-widget_type=\"image.default\">\n\t\t\t\t<div class=\"elementor-widget-container\">\n\t\t\t\t\t\t\t\t\t\t\t\t\t\t\t<img fetchpriority=\"high\" decoding=\"async\" width=\"1024\" height=\"1024\" src=\"https:\/\/cauxig.com\/intercultural\/wp-content\/uploads\/2023\/05\/IG-CAUX-Intercultural-9-1024x1024.png\" class=\"attachment-large size-large wp-image-1106\" alt=\"accountng business administration\" srcset=\"https:\/\/cauxig.com\/intercultural\/wp-content\/uploads\/2023\/05\/IG-CAUX-Intercultural-9-1024x1024.png 1024w, https:\/\/cauxig.com\/intercultural\/wp-content\/uploads\/2023\/05\/IG-CAUX-Intercultural-9-300x300.png 300w, https:\/\/cauxig.com\/intercultural\/wp-content\/uploads\/2023\/05\/IG-CAUX-Intercultural-9-150x150.png 150w, https:\/\/cauxig.com\/intercultural\/wp-content\/uploads\/2023\/05\/IG-CAUX-Intercultural-9-768x768.png 768w, https:\/\/cauxig.com\/intercultural\/wp-content\/uploads\/2023\/05\/IG-CAUX-Intercultural-9.png 1080w\" sizes=\"(max-width: 1024px) 100vw, 1024px\" \/>\t\t\t\t\t\t\t\t\t\t\t\t\t\t\t<\/div>\n\t\t\t\t<\/div>\n\t\t\t\t<div class=\"elementor-element elementor-element-020a147 elementor-widget elementor-widget-heading\" data-id=\"020a147\" data-element_type=\"widget\" data-widget_type=\"heading.default\">\n\t\t\t\t<div class=\"elementor-widget-container\">\n\t\t\t\t\t<h4 class=\"elementor-heading-title elementor-size-default\">Estudiar Administraci\u00f3n en Australia<\/h4>\t\t\t\t<\/div>\n\t\t\t\t<\/div>\n\t\t\t\t<div class=\"elementor-element elementor-element-6c7732c elementor-align-center elementor-widget elementor-widget-button\" data-id=\"6c7732c\" data-element_type=\"widget\" data-widget_type=\"button.default\">\n\t\t\t\t<div class=\"elementor-widget-container\">\n\t\t\t\t\t\t\t\t\t<div class=\"elementor-button-wrapper\">\n\t\t\t\t\t<a class=\"elementor-button elementor-button-link elementor-size-sm\" href=\"https:\/\/cauxig.com\/intercultural\/contacto\/\">\n\t\t\t\t\t\t<span class=\"elementor-button-content-wrapper\">\n\t\t\t\t\t\t<span class=\"elementor-button-icon\">\n\t\t\t\t<i aria-hidden=\"true\" class=\"fas fa-angle-right\"><\/i>\t\t\t<\/span>\n\t\t\t\t\t\t\t\t\t<span class=\"elementor-button-text\">M\u00c1S INFO<\/span>\n\t\t\t\t\t<\/span>\n\t\t\t\t\t<\/a>\n\t\t\t\t<\/div>\n\t\t\t\t\t\t\t\t<\/div>\n\t\t\t\t<\/div>\n\t\t\t\t\t<\/div>\n\t\t<\/div>\n\t\t\t\t<div class=\"elementor-column elementor-col-33 elementor-top-column elementor-element elementor-element-24795c8\" data-id=\"24795c8\" data-element_type=\"column\">\n\t\t\t<div class=\"elementor-widget-wrap elementor-element-populated\">\n\t\t\t\t\t\t<div class=\"elementor-element elementor-element-10470eb elementor-widget elementor-widget-image\" data-id=\"10470eb\" data-element_type=\"widget\" data-widget_type=\"image.default\">\n\t\t\t\t<div class=\"elementor-widget-container\">\n\t\t\t\t\t\t\t\t\t\t\t\t\t\t\t<img decoding=\"async\" width=\"1024\" height=\"1024\" src=\"https:\/\/cauxig.com\/intercultural\/wp-content\/uploads\/2023\/05\/IG-CAUX-Intercultural-10-1024x1024.png\" class=\"attachment-large size-large wp-image-1107\" alt=\"organizaci\u00f3n de eventos\" srcset=\"https:\/\/cauxig.com\/intercultural\/wp-content\/uploads\/2023\/05\/IG-CAUX-Intercultural-10-1024x1024.png 1024w, https:\/\/cauxig.com\/intercultural\/wp-content\/uploads\/2023\/05\/IG-CAUX-Intercultural-10-300x300.png 300w, https:\/\/cauxig.com\/intercultural\/wp-content\/uploads\/2023\/05\/IG-CAUX-Intercultural-10-150x150.png 150w, https:\/\/cauxig.com\/intercultural\/wp-content\/uploads\/2023\/05\/IG-CAUX-Intercultural-10-768x768.png 768w, https:\/\/cauxig.com\/intercultural\/wp-content\/uploads\/2023\/05\/IG-CAUX-Intercultural-10.png 1080w\" sizes=\"(max-width: 1024px) 100vw, 1024px\" \/>\t\t\t\t\t\t\t\t\t\t\t\t\t\t\t<\/div>\n\t\t\t\t<\/div>\n\t\t\t\t<div class=\"elementor-element elementor-element-ffc6119 elementor-widget elementor-widget-heading\" data-id=\"ffc6119\" data-element_type=\"widget\" data-widget_type=\"heading.default\">\n\t\t\t\t<div class=\"elementor-widget-container\">\n\t\t\t\t\t<h4 class=\"elementor-heading-title elementor-size-default\">Estudiar Organizaci\u00f3n de Eventos en Australia<\/h4>\t\t\t\t<\/div>\n\t\t\t\t<\/div>\n\t\t\t\t<div class=\"elementor-element elementor-element-3ec4e5f elementor-align-center elementor-widget elementor-widget-button\" data-id=\"3ec4e5f\" data-element_type=\"widget\" data-widget_type=\"button.default\">\n\t\t\t\t<div class=\"elementor-widget-container\">\n\t\t\t\t\t\t\t\t\t<div class=\"elementor-button-wrapper\">\n\t\t\t\t\t<a class=\"elementor-button elementor-button-link elementor-size-sm\" href=\"https:\/\/cauxig.com\/intercultural\/contacto\/\">\n\t\t\t\t\t\t<span class=\"elementor-button-content-wrapper\">\n\t\t\t\t\t\t<span class=\"elementor-button-icon\">\n\t\t\t\t<i aria-hidden=\"true\" class=\"fas fa-angle-right\"><\/i>\t\t\t<\/span>\n\t\t\t\t\t\t\t\t\t<span class=\"elementor-button-text\">M\u00c1S INFO<\/span>\n\t\t\t\t\t<\/span>\n\t\t\t\t\t<\/a>\n\t\t\t\t<\/div>\n\t\t\t\t\t\t\t\t<\/div>\n\t\t\t\t<\/div>\n\t\t\t\t\t<\/div>\n\t\t<\/div>\n\t\t\t\t<div class=\"elementor-column elementor-col-33 elementor-top-column elementor-element elementor-element-916c1b2\" data-id=\"916c1b2\" data-element_type=\"column\">\n\t\t\t<div class=\"elementor-widget-wrap elementor-element-populated\">\n\t\t\t\t\t\t<div class=\"elementor-element elementor-element-3a2b8b2 elementor-widget elementor-widget-image\" data-id=\"3a2b8b2\" data-element_type=\"widget\" data-widget_type=\"image.default\">\n\t\t\t\t<div class=\"elementor-widget-container\">\n\t\t\t\t\t\t\t\t\t\t\t\t\t\t\t<img decoding=\"async\" width=\"1024\" height=\"1024\" src=\"https:\/\/cauxig.com\/intercultural\/wp-content\/uploads\/2023\/05\/IG-CAUX-Intercultural-11-1024x1024.png\" class=\"attachment-large size-large wp-image-1108\" alt=\"\" srcset=\"https:\/\/cauxig.com\/intercultural\/wp-content\/uploads\/2023\/05\/IG-CAUX-Intercultural-11-1024x1024.png 1024w, https:\/\/cauxig.com\/intercultural\/wp-content\/uploads\/2023\/05\/IG-CAUX-Intercultural-11-300x300.png 300w, https:\/\/cauxig.com\/intercultural\/wp-content\/uploads\/2023\/05\/IG-CAUX-Intercultural-11-150x150.png 150w, https:\/\/cauxig.com\/intercultural\/wp-content\/uploads\/2023\/05\/IG-CAUX-Intercultural-11-768x768.png 768w, https:\/\/cauxig.com\/intercultural\/wp-content\/uploads\/2023\/05\/IG-CAUX-Intercultural-11.png 1080w\" sizes=\"(max-width: 1024px) 100vw, 1024px\" \/>\t\t\t\t\t\t\t\t\t\t\t\t\t\t\t<\/div>\n\t\t\t\t<\/div>\n\t\t\t\t<div class=\"elementor-element elementor-element-e67d009 elementor-widget elementor-widget-heading\" data-id=\"e67d009\" data-element_type=\"widget\" data-widget_type=\"heading.default\">\n\t\t\t\t<div class=\"elementor-widget-container\">\n\t\t\t\t\t<h4 class=\"elementor-heading-title elementor-size-default\">Estudiar Hoteler\u00eda en Australia<\/h4>\t\t\t\t<\/div>\n\t\t\t\t<\/div>\n\t\t\t\t<div class=\"elementor-element elementor-element-f2563ff elementor-align-center elementor-widget elementor-widget-button\" data-id=\"f2563ff\" data-element_type=\"widget\" data-widget_type=\"button.default\">\n\t\t\t\t<div class=\"elementor-widget-container\">\n\t\t\t\t\t\t\t\t\t<div class=\"elementor-button-wrapper\">\n\t\t\t\t\t<a class=\"elementor-button elementor-button-link elementor-size-sm\" href=\"https:\/\/cauxig.com\/intercultural\/contacto\/\">\n\t\t\t\t\t\t<span class=\"elementor-button-content-wrapper\">\n\t\t\t\t\t\t<span class=\"elementor-button-icon\">\n\t\t\t\t<i aria-hidden=\"true\" class=\"fas fa-angle-right\"><\/i>\t\t\t<\/span>\n\t\t\t\t\t\t\t\t\t<span class=\"elementor-button-text\">M\u00c1S INFO<\/span>\n\t\t\t\t\t<\/span>\n\t\t\t\t\t<\/a>\n\t\t\t\t<\/div>\n\t\t\t\t\t\t\t\t<\/div>\n\t\t\t\t<\/div>\n\t\t\t\t\t<\/div>\n\t\t<\/div>\n\t\t\t\t\t<\/div>\n\t\t<\/section>\n\t\t\t\t<section class=\"elementor-section elementor-top-section elementor-element elementor-element-42165ff elementor-section-boxed elementor-section-height-default elementor-section-height-default\" data-id=\"42165ff\" data-element_type=\"section\">\n\t\t\t\t\t\t<div class=\"elementor-container elementor-column-gap-default\">\n\t\t\t\t\t<div class=\"elementor-column elementor-col-33 elementor-top-column elementor-element elementor-element-5162928\" data-id=\"5162928\" data-element_type=\"column\">\n\t\t\t<div class=\"elementor-widget-wrap elementor-element-populated\">\n\t\t\t\t\t\t<div class=\"elementor-element elementor-element-4008baa elementor-widget elementor-widget-image\" data-id=\"4008baa\" data-element_type=\"widget\" data-widget_type=\"image.default\">\n\t\t\t\t<div class=\"elementor-widget-container\">\n\t\t\t\t\t\t\t\t\t\t\t\t\t\t\t<img loading=\"lazy\" decoding=\"async\" width=\"1024\" height=\"1024\" src=\"https:\/\/cauxig.com\/intercultural\/wp-content\/uploads\/2023\/05\/IG-CAUX-Intercultural-13-1-1024x1024.png\" class=\"attachment-large size-large wp-image-1112\" alt=\"liderazgo\" srcset=\"https:\/\/cauxig.com\/intercultural\/wp-content\/uploads\/2023\/05\/IG-CAUX-Intercultural-13-1-1024x1024.png 1024w, https:\/\/cauxig.com\/intercultural\/wp-content\/uploads\/2023\/05\/IG-CAUX-Intercultural-13-1-300x300.png 300w, https:\/\/cauxig.com\/intercultural\/wp-content\/uploads\/2023\/05\/IG-CAUX-Intercultural-13-1-150x150.png 150w, https:\/\/cauxig.com\/intercultural\/wp-content\/uploads\/2023\/05\/IG-CAUX-Intercultural-13-1-768x768.png 768w, https:\/\/cauxig.com\/intercultural\/wp-content\/uploads\/2023\/05\/IG-CAUX-Intercultural-13-1.png 1080w\" sizes=\"(max-width: 1024px) 100vw, 1024px\" \/>\t\t\t\t\t\t\t\t\t\t\t\t\t\t\t<\/div>\n\t\t\t\t<\/div>\n\t\t\t\t<div class=\"elementor-element elementor-element-7ad4ead elementor-widget elementor-widget-heading\" data-id=\"7ad4ead\" data-element_type=\"widget\" data-widget_type=\"heading.default\">\n\t\t\t\t<div class=\"elementor-widget-container\">\n\t\t\t\t\t<h4 class=\"elementor-heading-title elementor-size-default\">Estudiar Liderazgo en Australia<\/h4>\t\t\t\t<\/div>\n\t\t\t\t<\/div>\n\t\t\t\t<div class=\"elementor-element elementor-element-2234243 elementor-align-center elementor-widget elementor-widget-button\" data-id=\"2234243\" data-element_type=\"widget\" data-widget_type=\"button.default\">\n\t\t\t\t<div class=\"elementor-widget-container\">\n\t\t\t\t\t\t\t\t\t<div class=\"elementor-button-wrapper\">\n\t\t\t\t\t<a class=\"elementor-button elementor-button-link elementor-size-sm\" href=\"https:\/\/cauxig.com\/intercultural\/contacto\/\">\n\t\t\t\t\t\t<span class=\"elementor-button-content-wrapper\">\n\t\t\t\t\t\t<span class=\"elementor-button-icon\">\n\t\t\t\t<i aria-hidden=\"true\" class=\"fas fa-angle-right\"><\/i>\t\t\t<\/span>\n\t\t\t\t\t\t\t\t\t<span class=\"elementor-button-text\">M\u00c1S INFO<\/span>\n\t\t\t\t\t<\/span>\n\t\t\t\t\t<\/a>\n\t\t\t\t<\/div>\n\t\t\t\t\t\t\t\t<\/div>\n\t\t\t\t<\/div>\n\t\t\t\t\t<\/div>\n\t\t<\/div>\n\t\t\t\t<div class=\"elementor-column elementor-col-33 elementor-top-column elementor-element elementor-element-291f22e\" data-id=\"291f22e\" data-element_type=\"column\">\n\t\t\t<div class=\"elementor-widget-wrap elementor-element-populated\">\n\t\t\t\t\t\t<div class=\"elementor-element elementor-element-98739d2 elementor-widget elementor-widget-image\" data-id=\"98739d2\" data-element_type=\"widget\" data-widget_type=\"image.default\">\n\t\t\t\t<div class=\"elementor-widget-container\">\n\t\t\t\t\t\t\t\t\t\t\t\t\t\t\t<img loading=\"lazy\" decoding=\"async\" width=\"1024\" height=\"1024\" src=\"https:\/\/cauxig.com\/intercultural\/wp-content\/uploads\/2023\/05\/IG-CAUX-Intercultural-12-1-1024x1024.png\" class=\"attachment-large size-large wp-image-1113\" alt=\"\" srcset=\"https:\/\/cauxig.com\/intercultural\/wp-content\/uploads\/2023\/05\/IG-CAUX-Intercultural-12-1-1024x1024.png 1024w, https:\/\/cauxig.com\/intercultural\/wp-content\/uploads\/2023\/05\/IG-CAUX-Intercultural-12-1-300x300.png 300w, https:\/\/cauxig.com\/intercultural\/wp-content\/uploads\/2023\/05\/IG-CAUX-Intercultural-12-1-150x150.png 150w, https:\/\/cauxig.com\/intercultural\/wp-content\/uploads\/2023\/05\/IG-CAUX-Intercultural-12-1-768x768.png 768w, https:\/\/cauxig.com\/intercultural\/wp-content\/uploads\/2023\/05\/IG-CAUX-Intercultural-12-1.png 1080w\" sizes=\"(max-width: 1024px) 100vw, 1024px\" \/>\t\t\t\t\t\t\t\t\t\t\t\t\t\t\t<\/div>\n\t\t\t\t<\/div>\n\t\t\t\t<div class=\"elementor-element elementor-element-66d25fa elementor-widget elementor-widget-heading\" data-id=\"66d25fa\" data-element_type=\"widget\" data-widget_type=\"heading.default\">\n\t\t\t\t<div class=\"elementor-widget-container\">\n\t\t\t\t\t<h4 class=\"elementor-heading-title elementor-size-default\">Estudiar Marketing en Australia<\/h4>\t\t\t\t<\/div>\n\t\t\t\t<\/div>\n\t\t\t\t<div class=\"elementor-element elementor-element-b840608 elementor-align-center elementor-widget elementor-widget-button\" data-id=\"b840608\" data-element_type=\"widget\" data-widget_type=\"button.default\">\n\t\t\t\t<div class=\"elementor-widget-container\">\n\t\t\t\t\t\t\t\t\t<div class=\"elementor-button-wrapper\">\n\t\t\t\t\t<a class=\"elementor-button elementor-button-link elementor-size-sm\" href=\"https:\/\/cauxig.com\/intercultural\/contacto\/\">\n\t\t\t\t\t\t<span class=\"elementor-button-content-wrapper\">\n\t\t\t\t\t\t<span class=\"elementor-button-icon\">\n\t\t\t\t<i aria-hidden=\"true\" class=\"fas fa-angle-right\"><\/i>\t\t\t<\/span>\n\t\t\t\t\t\t\t\t\t<span class=\"elementor-button-text\">M\u00c1S INFO<\/span>\n\t\t\t\t\t<\/span>\n\t\t\t\t\t<\/a>\n\t\t\t\t<\/div>\n\t\t\t\t\t\t\t\t<\/div>\n\t\t\t\t<\/div>\n\t\t\t\t\t<\/div>\n\t\t<\/div>\n\t\t\t\t<div class=\"elementor-column elementor-col-33 elementor-top-column elementor-element elementor-element-9fcfa88\" data-id=\"9fcfa88\" data-element_type=\"column\">\n\t\t\t<div class=\"elementor-widget-wrap elementor-element-populated\">\n\t\t\t\t\t\t<div class=\"elementor-element elementor-element-71f1f0a elementor-widget elementor-widget-image\" data-id=\"71f1f0a\" data-element_type=\"widget\" data-widget_type=\"image.default\">\n\t\t\t\t<div class=\"elementor-widget-container\">\n\t\t\t\t\t\t\t\t\t\t\t\t\t\t\t<img loading=\"lazy\" decoding=\"async\" width=\"1024\" height=\"1024\" src=\"https:\/\/cauxig.com\/intercultural\/wp-content\/uploads\/2023\/05\/IG-CAUX-Intercultural-14-1024x1024.png\" class=\"attachment-large size-large wp-image-1109\" alt=\"\" srcset=\"https:\/\/cauxig.com\/intercultural\/wp-content\/uploads\/2023\/05\/IG-CAUX-Intercultural-14-1024x1024.png 1024w, https:\/\/cauxig.com\/intercultural\/wp-content\/uploads\/2023\/05\/IG-CAUX-Intercultural-14-300x300.png 300w, https:\/\/cauxig.com\/intercultural\/wp-content\/uploads\/2023\/05\/IG-CAUX-Intercultural-14-150x150.png 150w, https:\/\/cauxig.com\/intercultural\/wp-content\/uploads\/2023\/05\/IG-CAUX-Intercultural-14-768x768.png 768w, https:\/\/cauxig.com\/intercultural\/wp-content\/uploads\/2023\/05\/IG-CAUX-Intercultural-14.png 1080w\" sizes=\"(max-width: 1024px) 100vw, 1024px\" \/>\t\t\t\t\t\t\t\t\t\t\t\t\t\t\t<\/div>\n\t\t\t\t<\/div>\n\t\t\t\t<div class=\"elementor-element elementor-element-15bdc9f elementor-widget elementor-widget-heading\" data-id=\"15bdc9f\" data-element_type=\"widget\" data-widget_type=\"heading.default\">\n\t\t\t\t<div class=\"elementor-widget-container\">\n\t\t\t\t\t<h4 class=\"elementor-heading-title elementor-size-default\">Estudiar Gerenciamiento de Proyectos en Australia<\/h4>\t\t\t\t<\/div>\n\t\t\t\t<\/div>\n\t\t\t\t<div class=\"elementor-element elementor-element-9986a1f elementor-align-center elementor-widget elementor-widget-button\" data-id=\"9986a1f\" data-element_type=\"widget\" data-widget_type=\"button.default\">\n\t\t\t\t<div class=\"elementor-widget-container\">\n\t\t\t\t\t\t\t\t\t<div class=\"elementor-button-wrapper\">\n\t\t\t\t\t<a class=\"elementor-button elementor-button-link elementor-size-sm\" href=\"https:\/\/cauxig.com\/intercultural\/contacto\/\">\n\t\t\t\t\t\t<span class=\"elementor-button-content-wrapper\">\n\t\t\t\t\t\t<span class=\"elementor-button-icon\">\n\t\t\t\t<i aria-hidden=\"true\" class=\"fas fa-angle-right\"><\/i>\t\t\t<\/span>\n\t\t\t\t\t\t\t\t\t<span class=\"elementor-button-text\">M\u00c1S INFO<\/span>\n\t\t\t\t\t<\/span>\n\t\t\t\t\t<\/a>\n\t\t\t\t<\/div>\n\t\t\t\t\t\t\t\t<\/div>\n\t\t\t\t<\/div>\n\t\t\t\t\t<\/div>\n\t\t<\/div>\n\t\t\t\t\t<\/div>\n\t\t<\/section>\n\t\t\t\t<section class=\"elementor-section elementor-top-section elementor-element elementor-element-195f6e47 elementor-section-content-middle elementor-section-boxed elementor-section-height-default elementor-section-height-default\" data-id=\"195f6e47\" data-element_type=\"section\" data-settings=\"{&quot;background_background&quot;:&quot;classic&quot;}\">\n\t\t\t\t\t\t\t<div class=\"elementor-background-overlay\"><\/div>\n\t\t\t\t\t\t\t<div class=\"elementor-container elementor-column-gap-no\">\n\t\t\t\t\t<div class=\"elementor-column elementor-col-100 elementor-top-column elementor-element elementor-element-496b344b\" data-id=\"496b344b\" data-element_type=\"column\">\n\t\t\t<div class=\"elementor-widget-wrap elementor-element-populated\">\n\t\t\t\t\t\t<div class=\"elementor-element elementor-element-79d07bd0 elementor-widget elementor-widget-heading\" data-id=\"79d07bd0\" data-element_type=\"widget\" data-widget_type=\"heading.default\">\n\t\t\t\t<div class=\"elementor-widget-container\">\n\t\t\t\t\t<h4 class=\"elementor-heading-title elementor-size-default\">\u00bfInteresado en Estudiar y Trabajar en Australia?<\/h4>\t\t\t\t<\/div>\n\t\t\t\t<\/div>\n\t\t\t\t<div class=\"elementor-element elementor-element-75321a0a elementor-widget elementor-widget-text-editor\" data-id=\"75321a0a\" data-element_type=\"widget\" data-widget_type=\"text-editor.default\">\n\t\t\t\t<div class=\"elementor-widget-container\">\n\t\t\t\t\t\t\t\t\t<p>Si tenes inter\u00e9s en alg\u00fan programa y cumples con los requisitos env\u00edanos tu consulta sin compromiso<\/p>\t\t\t\t\t\t\t\t<\/div>\n\t\t\t\t<\/div>\n\t\t\t\t<div class=\"elementor-element elementor-element-613d6c05 elementor-align-center elementor-widget elementor-widget-button\" data-id=\"613d6c05\" data-element_type=\"widget\" data-widget_type=\"button.default\">\n\t\t\t\t<div class=\"elementor-widget-container\">\n\t\t\t\t\t\t\t\t\t<div class=\"elementor-button-wrapper\">\n\t\t\t\t\t<a class=\"elementor-button elementor-button-link elementor-size-sm\" href=\"https:\/\/cauxig.com\/intercultural\/contacto\">\n\t\t\t\t\t\t<span class=\"elementor-button-content-wrapper\">\n\t\t\t\t\t\t<span class=\"elementor-button-icon\">\n\t\t\t\t<i aria-hidden=\"true\" class=\"fas fa-angle-right\"><\/i>\t\t\t<\/span>\n\t\t\t\t\t\t\t\t\t<span class=\"elementor-button-text\">QUIERO M\u00c1S INFO<\/span>\n\t\t\t\t\t<\/span>\n\t\t\t\t\t<\/a>\n\t\t\t\t<\/div>\n\t\t\t\t\t\t\t\t<\/div>\n\t\t\t\t<\/div>\n\t\t\t\t\t<\/div>\n\t\t<\/div>\n\t\t\t\t\t<\/div>\n\t\t<\/section>\n\t\t\t\t<\/div>\n\t\t","protected":false},"excerpt":{"rendered":"<p>Estudiar en Australia \u00bfTenes pensado\u00a0Estudiar y Trabajar en Australia? Te acercamos distintos programas que te permitir\u00e1n estudiar en Australia desde curso de idioma ingl\u00e9s hasta diplomaturas en diversas industrias, dentro de las opciones vas a encontrar Certificaciones de 6 meses, Diplomaturas de 1 e incluso 2 a\u00f1os. Todas ellas te permiten trabajar mientras estudias. Estudiar [&hellip;]<\/p>\n","protected":false},"author":1,"featured_media":0,"parent":458,"menu_order":0,"comment_status":"closed","ping_status":"closed","template":"","meta":{"site-sidebar-layout":"no-sidebar","site-content-layout":"page-builder","ast-site-content-layout":"default","site-content-style":"default","site-sidebar-style":"default","ast-global-header-display":"","ast-banner-title-visibility":"","ast-main-header-display":"","ast-hfb-above-header-display":"","ast-hfb-below-header-display":"","ast-hfb-mobile-header-display":"","site-post-title":"disabled","ast-breadcrumbs-content":"","ast-featured-img":"disabled","footer-sml-layout":"","theme-transparent-header-meta":"default","adv-header-id-meta":"","stick-header-meta":"","header-above-stick-meta":"","header-main-stick-meta":"","header-below-stick-meta":"","astra-migrate-meta-layouts":"default","ast-page-background-enabled":"default","ast-page-background-meta":{"desktop":{"background-color":"","background-image":"","background-repeat":"repeat","background-position":"center center","background-size":"auto","background-attachment":"scroll","background-type":"","background-media":"","overlay-type":"","overlay-color":"","overlay-opacity":"","overlay-gradient":""},"tablet":{"background-color":"","background-image":"","background-repeat":"repeat","background-position":"center center","background-size":"auto","background-attachment":"scroll","background-type":"","background-media":"","overlay-type":"","overlay-color":"","overlay-opacity":"","overlay-gradient":""},"mobile":{"background-color":"","background-image":"","background-repeat":"repeat","background-position":"center center","background-size":"auto","background-attachment":"scroll","background-type":"","background-media":"","overlay-type":"","overlay-color":"","overlay-opacity":"","overlay-gradient":""}},"ast-content-background-meta":{"desktop":{"background-color":"var(--ast-global-color-5)","background-image":"","background-repeat":"repeat","background-position":"center center","background-size":"auto","background-attachment":"scroll","background-type":"","background-media":"","overlay-type":"","overlay-color":"","overlay-opacity":"","overlay-gradient":""},"tablet":{"background-color":"var(--ast-global-color-5)","background-image":"","background-repeat":"repeat","background-position":"center center","background-size":"auto","background-attachment":"scroll","background-type":"","background-media":"","overlay-type":"","overlay-color":"","overlay-opacity":"","overlay-gradient":""},"mobile":{"background-color":"var(--ast-global-color-5)","background-image":"","background-repeat":"repeat","background-position":"center center","background-size":"auto","background-attachment":"scroll","background-type":"","background-media":"","overlay-type":"","overlay-color":"","overlay-opacity":"","overlay-gradient":""}},"footnotes":""},"class_list":["post-285","page","type-page","status-publish","hentry"],"_links":{"self":[{"href":"https:\/\/cauxig.com\/intercultural\/wp-json\/wp\/v2\/pages\/285","targetHints":{"allow":["GET"]}}],"collection":[{"href":"https:\/\/cauxig.com\/intercultural\/wp-json\/wp\/v2\/pages"}],"about":[{"href":"https:\/\/cauxig.com\/intercultural\/wp-json\/wp\/v2\/types\/page"}],"author":[{"embeddable":true,"href":"https:\/\/cauxig.com\/intercultural\/wp-json\/wp\/v2\/users\/1"}],"replies":[{"embeddable":true,"href":"https:\/\/cauxig.com\/intercultural\/wp-json\/wp\/v2\/comments?post=285"}],"version-history":[{"count":28,"href":"https:\/\/cauxig.com\/intercultural\/wp-json\/wp\/v2\/pages\/285\/revisions"}],"predecessor-version":[{"id":1120,"href":"https:\/\/cauxig.com\/intercultural\/wp-json\/wp\/v2\/pages\/285\/revisions\/1120"}],"up":[{"embeddable":true,"href":"https:\/\/cauxig.com\/intercultural\/wp-json\/wp\/v2\/pages\/458"}],"wp:attachment":[{"href":"https:\/\/cauxig.com\/intercultural\/wp-json\/wp\/v2\/media?parent=285"}],"curies":[{"name":"wp","href":"https:\/\/api.w.org\/{rel}","templated":true}]}}