{"id":3840,"date":"2021-01-30T14:31:52","date_gmt":"2021-01-30T14:31:52","guid":{"rendered":"https:\/\/cauxig.com\/cauxnueva\/caux_hospitality\/?page_id=3840"},"modified":"2025-08-19T07:21:23","modified_gmt":"2025-08-19T07:21:23","slug":"postulacion","status":"publish","type":"page","link":"https:\/\/cauxig.com\/hospitality\/postulacion\/","title":{"rendered":"Postulacion"},"content":{"rendered":"\t\t<div data-elementor-type=\"wp-page\" data-elementor-id=\"3840\" class=\"elementor elementor-3840\">\n\t\t\t\t\t\t<section class=\"elementor-section elementor-top-section elementor-element elementor-element-48fa815 elementor-section-height-min-height elementor-section-boxed elementor-section-height-default elementor-section-items-middle\" data-id=\"48fa815\" data-element_type=\"section\" data-settings=\"{&quot;background_background&quot;:&quot;classic&quot;}\">\n\t\t\t\t\t\t\t<div class=\"elementor-background-overlay\"><\/div>\n\t\t\t\t\t\t\t<div class=\"elementor-container elementor-column-gap-no\">\n\t\t\t\t\t<div class=\"elementor-column elementor-col-100 elementor-top-column elementor-element elementor-element-f476e10\" data-id=\"f476e10\" data-element_type=\"column\">\n\t\t\t<div class=\"elementor-widget-wrap elementor-element-populated\">\n\t\t\t\t\t\t<div class=\"elementor-element elementor-element-e4ad72b elementor-widget elementor-widget-heading\" data-id=\"e4ad72b\" data-element_type=\"widget\" data-widget_type=\"heading.default\">\n\t\t\t\t<div class=\"elementor-widget-container\">\n\t\t\t\t\t<h1 class=\"elementor-heading-title elementor-size-default\">Formulario de Postulaci\u00f3n<\/h1>\t\t\t\t<\/div>\n\t\t\t\t<\/div>\n\t\t\t\t<div class=\"elementor-element elementor-element-9e24bf1 elementor-widget-divider--view-line elementor-widget elementor-widget-divider\" data-id=\"9e24bf1\" data-element_type=\"widget\" data-widget_type=\"divider.default\">\n\t\t\t\t<div class=\"elementor-widget-container\">\n\t\t\t\t\t\t\t<div class=\"elementor-divider\">\n\t\t\t<span class=\"elementor-divider-separator\">\n\t\t\t\t\t\t<\/span>\n\t\t<\/div>\n\t\t\t\t\t\t<\/div>\n\t\t\t\t<\/div>\n\t\t\t\t\t<\/div>\n\t\t<\/div>\n\t\t\t\t\t<\/div>\n\t\t<\/section>\n\t\t\t\t<section class=\"elementor-section elementor-top-section elementor-element elementor-element-ac9399d elementor-section-boxed elementor-section-height-default elementor-section-height-default\" data-id=\"ac9399d\" data-element_type=\"section\">\n\t\t\t\t\t\t<div class=\"elementor-container elementor-column-gap-default\">\n\t\t\t\t\t<div class=\"elementor-column elementor-col-100 elementor-top-column elementor-element elementor-element-3edb8da\" data-id=\"3edb8da\" data-element_type=\"column\">\n\t\t\t<div class=\"elementor-widget-wrap elementor-element-populated\">\n\t\t\t\t\t\t<div class=\"elementor-element elementor-element-ed24f12 elementor-widget elementor-widget-text-editor\" data-id=\"ed24f12\" data-element_type=\"widget\" data-widget_type=\"text-editor.default\">\n\t\t\t\t<div class=\"elementor-widget-container\">\n\t\t\t\t\t\t\t\t\t<p>Antes de postular a cualquiera de nuestras vacantes aconsejemos fervientemente leer la informaci\u00f3n general publicada en nuestra web ya que eso responder\u00e1 la mayor\u00eda de tus dudas. Tambi\u00e9n encontrar\u00e1s los requisitos espec\u00edficos para cada programa y posici\u00f3n ya que si no los cumples lamentablemente no podremos considerarte. As\u00ed mismo te sugerimos que veas nuestro&nbsp;<a href=\"http:\/\/cauxig.com\/hospitality\/tips-para-armar-su-cv\/\"><strong>modelo de CV y consejos \u00fatiles<\/strong><\/a>.<\/p><ol>\n<\/ol>\t\t\t\t\t\t\t\t<\/div>\n\t\t\t\t<\/div>\n\t\t\t\t\t<\/div>\n\t\t<\/div>\n\t\t\t\t\t<\/div>\n\t\t<\/section>\n\t\t\t\t<section class=\"elementor-section elementor-top-section elementor-element elementor-element-0428cf7 elementor-section-boxed elementor-section-height-default elementor-section-height-default\" data-id=\"0428cf7\" data-element_type=\"section\">\n\t\t\t\t\t\t<div class=\"elementor-container elementor-column-gap-default\">\n\t\t\t\t\t<div class=\"elementor-column elementor-col-50 elementor-top-column elementor-element elementor-element-38467ee\" data-id=\"38467ee\" data-element_type=\"column\">\n\t\t\t<div class=\"elementor-widget-wrap elementor-element-populated\">\n\t\t\t\t\t\t<div class=\"elementor-element elementor-element-7116614 elementor-widget elementor-widget-text-editor\" data-id=\"7116614\" data-element_type=\"widget\" data-widget_type=\"text-editor.default\">\n\t\t\t\t<div class=\"elementor-widget-container\">\n\t\t\t\t\t\t\t\t\t<p style=\"text-align: right;\">Si eres residente legal en Espa\u00f1a <u>adem\u00e1s<\/u> de completar el formulario debajo debes cliquear y completar tu perfil a trav\u00e9s del siguiente link:<\/p>\t\t\t\t\t\t\t\t<\/div>\n\t\t\t\t<\/div>\n\t\t\t\t\t<\/div>\n\t\t<\/div>\n\t\t\t\t<div class=\"elementor-column elementor-col-50 elementor-top-column elementor-element elementor-element-4414b7b\" data-id=\"4414b7b\" data-element_type=\"column\">\n\t\t\t<div class=\"elementor-widget-wrap elementor-element-populated\">\n\t\t\t\t\t\t<div class=\"elementor-element elementor-element-a98188f elementor-widget elementor-widget-button\" data-id=\"a98188f\" data-element_type=\"widget\" data-widget_type=\"button.default\">\n\t\t\t\t<div class=\"elementor-widget-container\">\n\t\t\t\t\t\t\t\t\t<div class=\"elementor-button-wrapper\">\n\t\t\t\t\t<a class=\"elementor-button elementor-button-link elementor-size-sm\" href=\"https:\/\/cauxig.portalemp.com\/\" target=\"_blank\">\n\t\t\t\t\t\t<span class=\"elementor-button-content-wrapper\">\n\t\t\t\t\t\t\t\t\t<span class=\"elementor-button-text\">Residentes Espa\u00f1oles<\/span>\n\t\t\t\t\t<\/span>\n\t\t\t\t\t<\/a>\n\t\t\t\t<\/div>\n\t\t\t\t\t\t\t\t<\/div>\n\t\t\t\t<\/div>\n\t\t\t\t\t<\/div>\n\t\t<\/div>\n\t\t\t\t\t<\/div>\n\t\t<\/section>\n\t\t\t\t<section class=\"elementor-section elementor-top-section elementor-element elementor-element-58adf48 elementor-section-boxed elementor-section-height-default elementor-section-height-default\" data-id=\"58adf48\" data-element_type=\"section\">\n\t\t\t\t\t\t<div class=\"elementor-container elementor-column-gap-default\">\n\t\t\t\t\t<div class=\"elementor-column elementor-col-100 elementor-top-column elementor-element elementor-element-619c8e4\" data-id=\"619c8e4\" data-element_type=\"column\">\n\t\t\t<div class=\"elementor-widget-wrap elementor-element-populated\">\n\t\t\t\t\t\t<div class=\"elementor-element elementor-element-634ffb5 elementor-widget elementor-widget-shortcode\" data-id=\"634ffb5\" data-element_type=\"widget\" data-widget_type=\"shortcode.default\">\n\t\t\t\t<div class=\"elementor-widget-container\">\n\t\t\t\t\t\t\t<div class=\"elementor-shortcode\">\n<div class=\"wpcf7 no-js\" id=\"wpcf7-f1194-o1\" lang=\"es-ES\" dir=\"ltr\" data-wpcf7-id=\"1194\">\n<div class=\"screen-reader-response\"><p role=\"status\" aria-live=\"polite\" aria-atomic=\"true\"><\/p> <ul><\/ul><\/div>\n<form action=\"\/hospitality\/wp-json\/wp\/v2\/pages\/3840#wpcf7-f1194-o1\" method=\"post\" class=\"wpcf7-form init wpcf7-acceptance-as-validation\" aria-label=\"Formulario de contacto\" enctype=\"multipart\/form-data\" novalidate=\"novalidate\" data-status=\"init\">\n<fieldset class=\"hidden-fields-container\"><input type=\"hidden\" name=\"_wpcf7\" value=\"1194\" \/><input type=\"hidden\" name=\"_wpcf7_version\" value=\"6.1.4\" \/><input type=\"hidden\" name=\"_wpcf7_locale\" value=\"es_ES\" \/><input type=\"hidden\" name=\"_wpcf7_unit_tag\" value=\"wpcf7-f1194-o1\" \/><input type=\"hidden\" name=\"_wpcf7_container_post\" value=\"0\" \/><input type=\"hidden\" name=\"_wpcf7_posted_data_hash\" value=\"\" \/><input type=\"hidden\" name=\"_wpcf7_recaptcha_response\" value=\"\" \/>\n<\/fieldset>\n<p><label> Nombre<br \/>\n<span class=\"wpcf7-form-control-wrap\" data-name=\"your-name\"><input size=\"40\" maxlength=\"400\" class=\"wpcf7-form-control wpcf7-text wpcf7-validates-as-required\" aria-required=\"true\" aria-invalid=\"false\" value=\"\" type=\"text\" name=\"your-name\" \/><\/span> <\/label>\n<\/p>\n<p><label> Apellido<br \/>\n<span class=\"wpcf7-form-control-wrap\" data-name=\"your-lastname\"><input size=\"40\" maxlength=\"400\" class=\"wpcf7-form-control wpcf7-text wpcf7-validates-as-required\" aria-required=\"true\" aria-invalid=\"false\" value=\"\" type=\"text\" name=\"your-lastname\" \/><\/span> <\/label>\n<\/p>\n<p><label> Email<br \/>\n<span class=\"wpcf7-form-control-wrap\" data-name=\"your-email\"><input size=\"40\" maxlength=\"400\" class=\"wpcf7-form-control wpcf7-email wpcf7-validates-as-required wpcf7-text wpcf7-validates-as-email\" aria-required=\"true\" aria-invalid=\"false\" value=\"\" type=\"email\" name=\"your-email\" \/><\/span> <\/label>\n<\/p>\n<p><label> Nacionalidad<br \/>\n<span class=\"wpcf7-form-control-wrap\" data-name=\"your-nationality1\"><input size=\"40\" maxlength=\"400\" class=\"wpcf7-form-control wpcf7-text wpcf7-validates-as-required\" aria-required=\"true\" aria-invalid=\"false\" value=\"\" type=\"text\" name=\"your-nationality1\" \/><\/span> <\/label>\n<\/p>\n<p><label> Nacionalidad 2 (en caso de tener m\u00e1s de una nacionalidad)<br \/>\n<span class=\"wpcf7-form-control-wrap\" data-name=\"your-nationality2\"><input size=\"40\" maxlength=\"400\" class=\"wpcf7-form-control wpcf7-text wpcf7-validates-as-required\" aria-required=\"true\" aria-invalid=\"false\" value=\"\" type=\"text\" name=\"your-nationality2\" \/><\/span> <\/label>\n<\/p>\n<p><label> Pa\u00eds de Residencia<br \/>\n<span class=\"wpcf7-form-control-wrap\" data-name=\"your-residence\"><input size=\"40\" maxlength=\"400\" class=\"wpcf7-form-control wpcf7-text wpcf7-validates-as-required\" aria-required=\"true\" aria-invalid=\"false\" value=\"\" type=\"text\" name=\"your-residence\" \/><\/span> <\/label>\n<\/p>\n<p>\u00bfComo definir\u00edas tu nivel de ingl\u00e9s? Te recordamos que para trabajar en Cruceros es excluyente tener nivel conversacional de ingl\u00e9s el cual se chequear\u00e1 en la primer entrevista.<br \/>\n<span class=\"wpcf7-form-control-wrap\" data-name=\"menu-350\"><select class=\"wpcf7-form-control wpcf7-select wpcf7-validates-as-required\" aria-required=\"true\" aria-invalid=\"false\" name=\"menu-350\"><option value=\"\">&#8212;Por favor, elige una opci\u00f3n&#8212;<\/option><option value=\"Ingl\u00e9s B\u00e1sico: No puede mantener una conversaci\u00f3n en ingl\u00e9s que me permita trabajar\">Ingl\u00e9s B\u00e1sico: No puede mantener una conversaci\u00f3n en ingl\u00e9s que me permita trabajar<\/option><option value=\"Ingl\u00e9s Intermedio Superior: Puedo mantener una conversaci\u00f3n fluida que me permita trabajar\">Ingl\u00e9s Intermedio Superior: Puedo mantener una conversaci\u00f3n fluida que me permita trabajar<\/option><option value=\"Ingl\u00e9s Avanzado: Soy Biling\u00fce\">Ingl\u00e9s Avanzado: Soy Biling\u00fce<\/option><\/select><\/span>\n<\/p>\n<p>Por favor ind\u00edcanos si tienes conocimientos de alg\u00fan otro idioma:<br \/>\n<span class=\"wpcf7-form-control-wrap\" data-name=\"checkbox-268\"><span class=\"wpcf7-form-control wpcf7-checkbox\"><span class=\"wpcf7-list-item first\"><input type=\"checkbox\" name=\"checkbox-268[]\" value=\"Portugu\u00e9s\" \/><span class=\"wpcf7-list-item-label\">Portugu\u00e9s<\/span><\/span><span class=\"wpcf7-list-item\"><input type=\"checkbox\" name=\"checkbox-268[]\" value=\"Franc\u00e9s\" \/><span class=\"wpcf7-list-item-label\">Franc\u00e9s<\/span><\/span><span class=\"wpcf7-list-item\"><input type=\"checkbox\" name=\"checkbox-268[]\" value=\"Italiano\" \/><span class=\"wpcf7-list-item-label\">Italiano<\/span><\/span><span class=\"wpcf7-list-item\"><input type=\"checkbox\" name=\"checkbox-268[]\" value=\"Alem\u00e1n\" \/><span class=\"wpcf7-list-item-label\">Alem\u00e1n<\/span><\/span><span class=\"wpcf7-list-item\"><input type=\"checkbox\" name=\"checkbox-268[]\" value=\"Chino\" \/><span class=\"wpcf7-list-item-label\">Chino<\/span><\/span><span class=\"wpcf7-list-item last\"><input type=\"checkbox\" name=\"checkbox-268[]\" value=\"Japon\u00e9s\" \/><span class=\"wpcf7-list-item-label\">Japon\u00e9s<\/span><\/span><\/span><\/span>\n<\/p>\n<p>Por favor ind\u00edcanos tu programa de inter\u00e9s (podes seleccionar m\u00e1s de uno).<br \/>\n<span class=\"wpcf7-form-control-wrap\" data-name=\"checkbox-267\"><span class=\"wpcf7-form-control wpcf7-checkbox wpcf7-validates-as-required\"><span class=\"wpcf7-list-item first\"><input type=\"checkbox\" name=\"checkbox-267[]\" value=\"Trabajo en Cruceros Oce\u00e1nicos\" \/><span class=\"wpcf7-list-item-label\">Trabajo en Cruceros Oce\u00e1nicos<\/span><\/span><span class=\"wpcf7-list-item\"><input type=\"checkbox\" name=\"checkbox-267[]\" value=\"Trabajo en Cruceros de R\u00edo en Europa\" \/><span class=\"wpcf7-list-item-label\">Trabajo en Cruceros de R\u00edo en Europa<\/span><\/span><span class=\"wpcf7-list-item\"><input type=\"checkbox\" name=\"checkbox-267[]\" value=\"Trabajo en Hoteles de Medio Oriente\" \/><span class=\"wpcf7-list-item-label\">Trabajo en Hoteles de Medio Oriente<\/span><\/span><span class=\"wpcf7-list-item\"><input type=\"checkbox\" name=\"checkbox-267[]\" value=\"Pasant\u00edas en Hoteles de EEUU\" \/><span class=\"wpcf7-list-item-label\">Pasant\u00edas en Hoteles de EEUU<\/span><\/span><span class=\"wpcf7-list-item last\"><input type=\"checkbox\" name=\"checkbox-267[]\" value=\"Pasant\u00edas en Hoteles de Espa\u00f1a\" \/><span class=\"wpcf7-list-item-label\">Pasant\u00edas en Hoteles de Espa\u00f1a<\/span><\/span><\/span><\/span>\n<\/p>\n<p><label> \u00bfA qu\u00e9 posici\u00f3n quer\u00e9s postular?<br \/>\n<span class=\"wpcf7-form-control-wrap\" data-name=\"text-30\"><input size=\"40\" maxlength=\"400\" class=\"wpcf7-form-control wpcf7-text wpcf7-validates-as-required\" aria-required=\"true\" aria-invalid=\"false\" value=\"\" type=\"text\" name=\"text-30\" \/><\/span> <\/label>\n<\/p>\n<p><label> Indicanos tu posici\u00f3n actual o la \u00faltima desempe\u00f1ada en caso de estar desempleado:<br \/>\n<span class=\"wpcf7-form-control-wrap\" data-name=\"text-31\"><input size=\"40\" maxlength=\"400\" class=\"wpcf7-form-control wpcf7-text wpcf7-validates-as-required\" aria-required=\"true\" aria-invalid=\"false\" value=\"\" type=\"text\" name=\"text-31\" \/><\/span> <\/label>\n<\/p>\n<p><label> Mensaje (ind\u00edcanos si tenes alg\u00fan tatuaje, disponibilidad a partir de determinada fecha o alg\u00fan otro dato que consideres relevante).<br \/>\n<span class=\"wpcf7-form-control-wrap\" data-name=\"your-message\"><textarea cols=\"40\" rows=\"10\" maxlength=\"2000\" class=\"wpcf7-form-control wpcf7-textarea wpcf7-validates-as-required\" aria-required=\"true\" aria-invalid=\"false\" name=\"your-message\"><\/textarea><\/span> <\/label>\n<\/p>\n<p><label> Por favor adj\u00fantanos tu CV (Formato Word o PDF menor a 2Mb)<br \/>\n<span class=\"wpcf7-form-control-wrap\" data-name=\"file-779\"><input size=\"40\" class=\"wpcf7-form-control wpcf7-file wpcf7-validates-as-required\" accept=\".doc,.pdf,.docx\" aria-required=\"true\" aria-invalid=\"false\" type=\"file\" name=\"file-779\" \/><\/span> <\/label>\n<\/p>\n<p><span class=\"wpcf7-form-control-wrap\" data-name=\"acceptance-642\"><span class=\"wpcf7-form-control wpcf7-acceptance\"><span class=\"wpcf7-list-item\"><input type=\"checkbox\" name=\"acceptance-642\" value=\"1\" aria-invalid=\"false\" \/><\/span><\/span><\/span> * He le\u00eddo toda la informaci\u00f3n disponible en la web concerniente a mi tema de inter\u00e9s\n<\/p>\n<p><span class=\"wpcf7-form-control-wrap\" data-name=\"acceptance-643\"><span class=\"wpcf7-form-control wpcf7-acceptance\"><span class=\"wpcf7-list-item\"><input type=\"checkbox\" name=\"acceptance-643\" value=\"1\" aria-invalid=\"false\" \/><\/span><\/span><\/span> * Acepto el <A HREF=\"https:\/\/cauxig.com\/hospitality\/ley-de-proteccion-de-datos\/\"> Tratamiento de Datos Personales, Pol\u00edtica de Privacidad e Informaci\u00f3n Comercial <\/a>.\n<\/p>\n\n<p><input class=\"wpcf7-form-control wpcf7-submit has-spinner\" type=\"submit\" value=\"Enviar\" \/>\n<\/p>\n<p><script>\ndocument.addEventListener( 'wpcf7mailsent', function( event ) {\n location = 'https:\/\/cauxig.com\/hospitality\/confirmacion-de-postulacion\/';\n}, false );\n<\/script>\n<\/p><p style=\"display: none !important;\" class=\"akismet-fields-container\" data-prefix=\"_wpcf7_ak_\"><label>&#916;<textarea name=\"_wpcf7_ak_hp_textarea\" cols=\"45\" rows=\"8\" maxlength=\"100\"><\/textarea><\/label><input type=\"hidden\" id=\"ak_js_1\" name=\"_wpcf7_ak_js\" value=\"43\"\/><script>document.getElementById( \"ak_js_1\" ).setAttribute( \"value\", ( new Date() ).getTime() );<\/script><\/p><div class=\"wpcf7-response-output\" aria-hidden=\"true\"><\/div>\n<\/form>\n<\/div>\n<\/div>\n\t\t\t\t\t\t<\/div>\n\t\t\t\t<\/div>\n\t\t\t\t\t<\/div>\n\t\t<\/div>\n\t\t\t\t\t<\/div>\n\t\t<\/section>\n\t\t\t\t<\/div>\n\t\t","protected":false},"excerpt":{"rendered":"<p>Formulario de Postulaci\u00f3n Antes de postular a cualquiera de nuestras vacantes aconsejemos fervientemente leer la informaci\u00f3n general publicada en nuestra web ya que eso responder\u00e1 la mayor\u00eda de tus dudas. Tambi\u00e9n encontrar\u00e1s los requisitos espec\u00edficos para cada programa y posici\u00f3n ya que si no los cumples lamentablemente no podremos considerarte. As\u00ed mismo te sugerimos que &hellip;<\/p>\n<p class=\"read-more\"> <a class=\"\" href=\"https:\/\/cauxig.com\/hospitality\/postulacion\/\"> <span class=\"screen-reader-text\">Postulacion<\/span> Leer m\u00e1s &raquo;<\/a><\/p>\n","protected":false},"author":1,"featured_media":0,"parent":0,"menu_order":0,"comment_status":"closed","ping_status":"closed","template":"","meta":{"footnotes":""},"class_list":["post-3840","page","type-page","status-publish","hentry"],"_links":{"self":[{"href":"https:\/\/cauxig.com\/hospitality\/wp-json\/wp\/v2\/pages\/3840","targetHints":{"allow":["GET"]}}],"collection":[{"href":"https:\/\/cauxig.com\/hospitality\/wp-json\/wp\/v2\/pages"}],"about":[{"href":"https:\/\/cauxig.com\/hospitality\/wp-json\/wp\/v2\/types\/page"}],"author":[{"embeddable":true,"href":"https:\/\/cauxig.com\/hospitality\/wp-json\/wp\/v2\/users\/1"}],"replies":[{"embeddable":true,"href":"https:\/\/cauxig.com\/hospitality\/wp-json\/wp\/v2\/comments?post=3840"}],"version-history":[{"count":67,"href":"https:\/\/cauxig.com\/hospitality\/wp-json\/wp\/v2\/pages\/3840\/revisions"}],"predecessor-version":[{"id":6198,"href":"https:\/\/cauxig.com\/hospitality\/wp-json\/wp\/v2\/pages\/3840\/revisions\/6198"}],"wp:attachment":[{"href":"https:\/\/cauxig.com\/hospitality\/wp-json\/wp\/v2\/media?parent=3840"}],"curies":[{"name":"wp","href":"https:\/\/api.w.org\/{rel}","templated":true}]}}